{"id":18014,"date":"2021-06-22T14:15:38","date_gmt":"2021-06-22T13:15:38","guid":{"rendered":"https:\/\/www.onzfi.cm\/?page_id=18014"},"modified":"2021-06-22T14:20:12","modified_gmt":"2021-06-22T13:20:12","slug":"demende-detablissement-1","status":"publish","type":"page","link":"https:\/\/www.onzfi.org\/index.php\/demende-detablissement-1\/","title":{"rendered":"Demende d&rsquo;\u00e9tablissement 1"},"content":{"rendered":"\t\t<div data-elementor-type=\"wp-page\" data-elementor-id=\"18014\" class=\"elementor elementor-18014\" data-elementor-settings=\"[]\">\n\t\t\t\t\t\t\t<div class=\"elementor-section-wrap\">\n\t\t\t\t\t\t\t<section class=\"elementor-section elementor-top-section elementor-element elementor-element-c9beb80 elementor-section-boxed elementor-section-height-default elementor-section-height-default\" data-id=\"c9beb80\" data-element_type=\"section\">\n\t\t\t\t\t\t<div class=\"elementor-container elementor-column-gap-default\">\n\t\t\t\t\t<div class=\"elementor-column elementor-col-16 elementor-top-column elementor-element elementor-element-5982abd\" data-id=\"5982abd\" data-element_type=\"column\">\n\t\t\t<div class=\"elementor-widget-wrap\">\n\t\t\t\t\t\t\t\t\t<\/div>\n\t\t<\/div>\n\t\t\t\t<div class=\"elementor-column elementor-col-66 elementor-top-column elementor-element elementor-element-14dadb0\" data-id=\"14dadb0\" data-element_type=\"column\">\n\t\t\t<div class=\"elementor-widget-wrap elementor-element-populated\">\n\t\t\t\t\t\t\t\t<div class=\"elementor-element elementor-element-daf8072 elementor-widget elementor-widget-text-editor\" data-id=\"daf8072\" data-element_type=\"widget\" data-widget_type=\"text-editor.default\">\n\t\t\t\t<div class=\"elementor-widget-container\">\n\t\t\t\t\t<div class=\"elementor-text-editor elementor-clearfix\"><p><div role=\"form\" class=\"wpcf7\" id=\"wpcf7-f18019-o1\" lang=\"fr-FR\" dir=\"ltr\">\n<div class=\"screen-reader-response\"><p role=\"status\" aria-live=\"polite\" aria-atomic=\"true\"><\/p> <ul><\/ul><\/div>\n<form action=\"\/index.php\/wp-json\/wp\/v2\/pages\/18014#wpcf7-f18019-o1\" method=\"post\" class=\"wpcf7-form init\" novalidate=\"novalidate\" data-status=\"init\">\n<div style=\"display: none;\">\n<input type=\"hidden\" name=\"_wpcf7\" value=\"18019\" \/>\n<input type=\"hidden\" name=\"_wpcf7_version\" value=\"5.4\" \/>\n<input type=\"hidden\" name=\"_wpcf7_locale\" value=\"fr_FR\" \/>\n<input type=\"hidden\" name=\"_wpcf7_unit_tag\" value=\"wpcf7-f18019-o1\" \/>\n<input type=\"hidden\" name=\"_wpcf7_container_post\" value=\"0\" \/>\n<input type=\"hidden\" name=\"_wpcf7_posted_data_hash\" value=\"\" \/>\n<input type=\"hidden\" name=\"_wpcf7_recaptcha_response\" value=\"\" \/>\n<\/div>\n<p><center><H3>OFFICE NATIONAL DES ZONES FRANCHES INDUSTRIELLES<\/H3><\/center><\/p>\n<p><H3>DEMANDE D&rsquo;ETABLISSEMENT D\u2019UNE ZONE FRANCHE INDUSTRIELLE<br \/>\nOU D\u2019UNE ENTREPRISE DE ZONES FRANCHES INDUSTRIELLES<\/H3><\/p>\n<p>Conseils et directives pour constituer le dossier.<\/p>\n<p>1.\tVeuillez renseigner toutes les sections qui figurent dans le formulaire. Les dossiers incomplets seront retourn\u00e9s et ne seront examin\u00e9s par l&rsquo;Office National des Zones Franches Industrielles (ONZFI) que lorsqu&rsquo;ils comporteront toutes les informations requises.<\/p>\n<p>2.\tLe pr\u00e9sent document reste un formulaire destin\u00e9 uniquement \u00e0 vous guider dans l\u2019\u00e9laboration du plan d\u2019affaires accompagnant votre dossier d\u2019agr\u00e9ment.<\/p>\n<p>Pour la premi\u00e8re partie concernant les renseignements g\u00e9n\u00e9raux sur l\u2019entreprise, vous pouvez utiliser des feuilles suppl\u00e9mentaires si vous n\u2019avez pas assez d\u2019espace sur le formulaire. Dans ce cas, prenez chaque fois le soin de v\u00e9rifier la lisibilit\u00e9 et la coh\u00e9rence dans la progression des questions et de leurs r\u00e9ponses.<\/p>\n<p>\tLes autres parties servent \u00e0 vous guider dans l\u2019organisation des \u00e9l\u00e9ments de votre \u00e9tude de faisabilit\u00e9. Toutefois, si une telle \u00e9tude a d\u00e9j\u00e0 \u00e9t\u00e9 faite par ailleurs, veuillez soumettre le document y relatif en indiquant sur le pr\u00e9sent formulaire la page et le paragraphe o\u00f9 se trouve la r\u00e9ponse \u00e0 chacune des questions.<\/p>\n<p>3.\tChaque fois que l\u2019information demand\u00e9e ne s\u2019applique pas \u00e0 votre projet, veuillez \u00e9crire: \u00ab\u00a0Sans objet\u00a0\u00bb en r\u00e9ponse \u00e0 la question concern\u00e9e.<\/p>\n<p>4.\tSauf mention contraire, tous les prix doivent \u00eatre exprim\u00e9s en FRANCS CFA. Ils peuvent aussi, \u00e0 titre d\u00e9rogatoire, l\u2019\u00eatre en EURO ou en US$, \u00e0 condition de clairement indiquer le taux de change en vigueur au moment de l\u2019\u00e9tude.<\/p>\n<p>5.\tLe formulaire de d\u00e9claration d\u2019intention qui figure en annexe du dossier doit \u00eatre sign\u00e9e du promoteur et l\u00e9galis\u00e9e par un Notaire.<\/p>\n<p>6.\tLe dossier complet doit \u00eatre accompagn\u00e9 d&rsquo;un montant non remboursable de Trois millions (3.000.000) FRANCS CFA, repr\u00e9sentant les frais d\u2019\u00e9tude du dossier soumis en sept (07) exemplaires physiques et une copie num\u00e9rique adress\u00e9s \u00e0:<br \/>\n\t\t\t\tONZFI<br \/>\n\t\t\t\tB.P. 925<br \/>\n\t\t\t\tImmeuble ONZFI, Bonanjo<br \/>\n\t\t\t\tDouala, Cameroun<br \/>\n\t\t\t\tT\u00e9l\u00e9phone\t: (237) 33 43 33 43 \/ 33 43 33 44<br \/>\n\t\t\t\tFax\t\t: (237) 33 43 33 17<br \/>\n\t\t\t\tE-Mail\t\t: onzfi@onzfi.org \/ WEB : www.onzfi@org<br \/>\n<input type=\"hidden\" name=\"_cf7msm_multistep_tag\" value=\"{&quot;first_step&quot;:1,&quot;next_url&quot;:&quot;https:\\\/\\\/www.onzfi.org\\\/index.php\\\/demende-detablissement-2\\\/&quot;}\" class=\"wpcf7-form-control cf7msm-multistep wpcf7-multistep\" \/><input type=\"hidden\" name=\"cf7msm-no-ss\" value=\"\" \/><br \/>\n<input type=\"submit\" value=\"Next\" class=\"wpcf7-form-control wpcf7-submit\" \/><\/p>\n<div class=\"wpcf7-response-output\" aria-hidden=\"true\"><\/div><\/form><\/div><\/p><\/div>\n\t\t\t\t<\/div>\n\t\t\t\t<\/div>\n\t\t\t\t\t<\/div>\n\t\t<\/div>\n\t\t\t\t<div class=\"elementor-column elementor-col-16 elementor-top-column elementor-element elementor-element-58598e2\" data-id=\"58598e2\" data-element_type=\"column\">\n\t\t\t<div class=\"elementor-widget-wrap\">\n\t\t\t\t\t\t\t\t\t<\/div>\n\t\t<\/div>\n\t\t\t\t\t\t\t<\/div>\n\t\t<\/section>\n\t\t\t\t\t\t<\/div>\n\t\t\t\t\t<\/div>\n\t\t","protected":false},"excerpt":{"rendered":"","protected":false},"author":2,"featured_media":0,"parent":0,"menu_order":0,"comment_status":"closed","ping_status":"closed","template":"","meta":{"_bbp_topic_count":0,"_bbp_reply_count":0,"_bbp_total_topic_count":0,"_bbp_total_reply_count":0,"_bbp_voice_count":0,"_bbp_anonymous_reply_count":0,"_bbp_topic_count_hidden":0,"_bbp_reply_count_hidden":0,"_bbp_forum_subforum_count":0},"_links":{"self":[{"href":"https:\/\/www.onzfi.org\/index.php\/wp-json\/wp\/v2\/pages\/18014"}],"collection":[{"href":"https:\/\/www.onzfi.org\/index.php\/wp-json\/wp\/v2\/pages"}],"about":[{"href":"https:\/\/www.onzfi.org\/index.php\/wp-json\/wp\/v2\/types\/page"}],"author":[{"embeddable":true,"href":"https:\/\/www.onzfi.org\/index.php\/wp-json\/wp\/v2\/users\/2"}],"replies":[{"embeddable":true,"href":"https:\/\/www.onzfi.org\/index.php\/wp-json\/wp\/v2\/comments?post=18014"}],"version-history":[{"count":2,"href":"https:\/\/www.onzfi.org\/index.php\/wp-json\/wp\/v2\/pages\/18014\/revisions"}],"predecessor-version":[{"id":18020,"href":"https:\/\/www.onzfi.org\/index.php\/wp-json\/wp\/v2\/pages\/18014\/revisions\/18020"}],"wp:attachment":[{"href":"https:\/\/www.onzfi.org\/index.php\/wp-json\/wp\/v2\/media?parent=18014"}],"curies":[{"name":"wp","href":"https:\/\/api.w.org\/{rel}","templated":true}]}}