{"id":17865,"date":"2021-04-14T06:37:57","date_gmt":"2021-04-14T05:37:57","guid":{"rendered":"https:\/\/www.onzfi.cm\/?page_id=17865"},"modified":"2021-04-14T06:43:14","modified_gmt":"2021-04-14T05:43:14","slug":"avantages-douaniers","status":"publish","type":"page","link":"https:\/\/www.onzfi.org\/index.php\/avantages-douaniers\/","title":{"rendered":"Avantages Douaniers"},"content":{"rendered":"\t\t<div data-elementor-type=\"wp-page\" data-elementor-id=\"17865\" class=\"elementor elementor-17865\" data-elementor-settings=\"[]\">\n\t\t\t\t\t\t\t<div class=\"elementor-section-wrap\">\n\t\t\t\t\t\t\t<section class=\"elementor-section elementor-top-section elementor-element elementor-element-7961598 elementor-section-boxed elementor-section-height-default elementor-section-height-default\" data-id=\"7961598\" data-element_type=\"section\">\n\t\t\t\t\t\t<div class=\"elementor-container elementor-column-gap-default\">\n\t\t\t\t\t<div class=\"elementor-column elementor-col-100 elementor-top-column elementor-element elementor-element-e5a7514\" data-id=\"e5a7514\" data-element_type=\"column\">\n\t\t\t<div class=\"elementor-widget-wrap elementor-element-populated\">\n\t\t\t\t\t\t\t\t<div class=\"elementor-element elementor-element-c142c6f elementor-widget elementor-widget-heading\" data-id=\"c142c6f\" data-element_type=\"widget\" data-widget_type=\"heading.default\">\n\t\t\t\t<div class=\"elementor-widget-container\">\n\t\t\t<h2 class=\"elementor-heading-title elementor-size-default\">Pourquoi investir en Zone Franche?<\/h2>\t\t<\/div>\n\t\t\t\t<\/div>\n\t\t\t\t<div class=\"elementor-element elementor-element-ff70046 elementor-widget elementor-widget-spacer\" data-id=\"ff70046\" data-element_type=\"widget\" data-widget_type=\"spacer.default\">\n\t\t\t\t<div class=\"elementor-widget-container\">\n\t\t\t\t\t<div class=\"elementor-spacer\">\n\t\t\t<div class=\"elementor-spacer-inner\"><\/div>\n\t\t<\/div>\n\t\t\t\t<\/div>\n\t\t\t\t<\/div>\n\t\t\t\t<div class=\"elementor-element elementor-element-05cdc06 elementor-tabs-view-vertical elementor-widget elementor-widget-tabs\" data-id=\"05cdc06\" data-element_type=\"widget\" data-widget_type=\"tabs.default\">\n\t\t\t\t<div class=\"elementor-widget-container\">\n\t\t\t\t\t<div class=\"elementor-tabs\">\n\t\t\t<div class=\"elementor-tabs-wrapper\" role=\"tablist\" >\n\t\t\t\t\t\t\t\t\t<div id=\"elementor-tab-title-6081\" class=\"elementor-tab-title elementor-tab-desktop-title\" aria-selected=\"true\" data-tab=\"1\" role=\"tab\" tabindex=\"0\" aria-controls=\"elementor-tab-content-6081\" aria-expanded=\"false\">Avantages douaniers<\/div>\n\t\t\t\t\t\t\t\t\t<div id=\"elementor-tab-title-6082\" class=\"elementor-tab-title elementor-tab-desktop-title\" aria-selected=\"false\" data-tab=\"2\" role=\"tab\" tabindex=\"-1\" aria-controls=\"elementor-tab-content-6082\" aria-expanded=\"false\">Avantages commerciaux<\/div>\n\t\t\t\t\t\t\t\t\t<div id=\"elementor-tab-title-6083\" class=\"elementor-tab-title elementor-tab-desktop-title\" aria-selected=\"false\" data-tab=\"3\" role=\"tab\" tabindex=\"-1\" aria-controls=\"elementor-tab-content-6083\" aria-expanded=\"false\">Avantages fiscaux<\/div>\n\t\t\t\t\t\t\t<\/div>\n\t\t\t<div class=\"elementor-tabs-content-wrapper\" role=\"tablist\" aria-orientation=\"vertical\">\n\t\t\t\t\t\t\t\t\t<div class=\"elementor-tab-title elementor-tab-mobile-title\" aria-selected=\"true\" data-tab=\"1\" role=\"tab\" tabindex=\"0\" aria-controls=\"elementor-tab-content-6081\" aria-expanded=\"false\">Avantages douaniers<\/div>\n\t\t\t\t\t<div id=\"elementor-tab-content-6081\" class=\"elementor-tab-content elementor-clearfix\" data-tab=\"1\" role=\"tabpanel\" aria-labelledby=\"elementor-tab-title-6081\" tabindex=\"0\" hidden=\"false\"><blockquote><h3>Avantages douaniers<\/h3><\/blockquote><ul><li>Les entreprises de la ZFI sont exon\u00e9r\u00e9es de tous droits et taxes de douane actuels et futurs. Toutes les importations d\u2019une entreprise de la ZFI, y compris les biens d\u2019\u00e9quipement, le mobilier de bureau, le mat\u00e9riel de bureau, les mat\u00e9riaux de construction, les outils, les pi\u00e8ces d\u00e9tach\u00e9es, les mati\u00e8res premi\u00e8res, les produits interm\u00e9diaires, les fournitures, les biens de consommation, sont exon\u00e9r\u00e9es de tous droits et taxes de douane et de tous autres imp\u00f4ts, droits et taxes directs et\/ou indirects, actuels et futurs<\/li><li>Toutes les exportations d\u2019une entreprise de la ZFI sont exon\u00e9r\u00e9es de tous droits et taxes de douane et de tous autres imp\u00f4ts, droits et taxes directs et\/ou indirects, actuels et futurs<\/li><li>Le Programme de V\u00e9rification des Importations (PVI) ne s\u2019applique pas \u2018aux entreprises des ZFI.<\/li><\/ul><\/div>\n\t\t\t\t\t\t\t\t\t<div class=\"elementor-tab-title elementor-tab-mobile-title\" aria-selected=\"false\" data-tab=\"2\" role=\"tab\" tabindex=\"-1\" aria-controls=\"elementor-tab-content-6082\" aria-expanded=\"false\">Avantages commerciaux<\/div>\n\t\t\t\t\t<div id=\"elementor-tab-content-6082\" class=\"elementor-tab-content elementor-clearfix\" data-tab=\"2\" role=\"tabpanel\" aria-labelledby=\"elementor-tab-title-6082\" tabindex=\"0\" hidden=\"hidden\"><blockquote><h3>Avantages commerciaux<\/h3><\/blockquote><ul><li><strong>Les exportations ne seront assujetties ni \u00e0 une <\/strong><strong>licence, ni \u00e0 une autorisation ni \u00e0 une limitation de quotas.<\/strong><\/li><\/ul><p>Le Programme G\u00e9n\u00e9ral des Echanges (PGE) en vigueur au Cameroun ne s\u2019applique pas aux Zones Franches Industrielles. A ce titre, les importations et les exportations ne seront assujetties ni \u00e0 une licence, ni \u00e0 une autorisation ni \u00e0 une limitation de quotas. Toutefois, les importations et les exportations des ZFI sont subordonn\u00e9es \u00e0 la formalit\u00e9 de d\u00e9claration pr\u00e9alable aux fins de statistiques pour l\u2019ONZFI, et d\u2019inspection et de contr\u00f4le par les services douaniers. Aucun contr\u00f4le de prix ou de marge b\u00e9n\u00e9ficiaire ne s\u2019applique aux produits et services les entreprises des ZFI.<\/p><ul><li><strong>Une entreprise de la ZFI peut exporter une partie de sa production sur le territoire local<\/strong><\/li><\/ul><p>Une entreprise de la ZFI peut exporter, \u00e0 titre exceptionnel, dans les conditions fix\u00e9es conjointement par le Ministre charg\u00e9 du D\u00e9veloppement Industriel et le Ministre charg\u00e9 du Commerce, une partie de sa production annuelle de biens et services vers le territoire douanier national. Les ventes des entreprises de la ZFI sur le territoire douanier national sont consid\u00e9r\u00e9es comme des importations conform\u00e9ment aux lois de la R\u00e9publique du Cameroun et sont soumises au paiement de tous les droits et taxes de la douane par la partie qui importe.<\/p><\/div>\n\t\t\t\t\t\t\t\t\t<div class=\"elementor-tab-title elementor-tab-mobile-title\" aria-selected=\"false\" data-tab=\"3\" role=\"tab\" tabindex=\"-1\" aria-controls=\"elementor-tab-content-6083\" aria-expanded=\"false\">Avantages fiscaux<\/div>\n\t\t\t\t\t<div id=\"elementor-tab-content-6083\" class=\"elementor-tab-content elementor-clearfix\" data-tab=\"3\" role=\"tabpanel\" aria-labelledby=\"elementor-tab-title-6083\" tabindex=\"0\" hidden=\"hidden\"><blockquote><h3>Avantages fiscaux<\/h3><\/blockquote><ul><li>Les entreprises install\u00e9es dans les Zones Franches Industrielles b\u00e9n\u00e9ficient, pendant les dix premi\u00e8res ann\u00e9es de leur exploitation, de l\u2019exon\u00e9ration totale des imp\u00f4ts et taxes directes et\/ou indirectes en vigueur ou \u00e0 cr\u00e9er ainsi que des droits d\u2019enregistrement\u2019 et de timbre de quelque nature que ce soit.<\/li><li>A partir de la onzi\u00e8me ann\u00e9e d\u2019exploitation, les entreprises agr\u00e9\u00e9es continuent \u00e0 b\u00e9n\u00e9ficier des<br \/>avantages pr\u00e9vus \u00e0 l\u2019Article 15 ci-dessus, sauf en ce qui concerne l\u2019imp\u00f4t sur les b\u00e9n\u00e9fices industriels et commerciaux auquel elles sont soumises au taux global de 15 pour cent.<\/li><li>Le b\u00e9n\u00e9fice fiscal d\u00e9termin\u00e9 en application des dispositions du Code G\u00e9n\u00e9ral des Imp\u00f4ts envigueur \u00e0 la date de signature de la pr\u00e9sente Ordonnance s\u2019obtient apr\u00e8s imputation :- d\u2019une somme \u00e9gale \u00e0 25 pour cent de la masse salariale vers\u00e9e aux salari\u00e9s de nationalit\u00e9<br \/>camerounaise au cours de l\u2019exercice ;<br \/>\u2013 d\u2019une somme \u00e9gale \u00e0 25 pour cent des d\u00e9penses d\u2019investissement de l\u2019exercice. En cas de<br \/>changement des r\u00e8gles d\u2019assiette de l\u2019imp\u00f4t sur les b\u00e9n\u00e9fices industriels et cornmerciaux les<br \/>nouvelles dispositions ne s\u2019appliquent aux entreprises agr\u00e9\u00e9es que si elles leur sont plus favorables.<\/li><li>Les d\u00e9ficits subis au cours de la p\u00e9riode d\u2019exon\u00e9ration pr\u00e9vue \u00e0 l\u2019Article 15 ci-dessus sont consid\u00e9r\u00e9s comme charges des exercices suivants et d\u00e9duits des b\u00e9n\u00e9fices r\u00e9alis\u00e9s pendant lesdits exercices sans limitation du d\u00e9lai de report.<\/li><li>Les entreprises de la Zone Franche Industrielle ne sont pas assujetties \u00e0 l\u2019obligation de r\u00e9investir la r\u00e9serve ,sp\u00e9ciale de r\u00e9\u00e9valuation des immobilisations prescrites par les lois et r\u00e8glements en vigueur.<\/li><li>Toute vente de propri\u00e9t\u00e9 immobili\u00e8re au sein d\u2019une ZFI est exon\u00e9r\u00e9e de tout droit de mutation.<\/li><li>Tout achat ou vente de devises par une entreprise de la ZFI est exon\u00e9r\u00e9 de toute taxe sur le transfert de devises<\/li><\/ul><\/div>\n\t\t\t\t\t\t\t<\/div>\n\t\t<\/div>\n\t\t\t\t<\/div>\n\t\t\t\t<\/div>\n\t\t\t\t\t<\/div>\n\t\t<\/div>\n\t\t\t\t\t\t\t<\/div>\n\t\t<\/section>\n\t\t\t\t\t\t<\/div>\n\t\t\t\t\t<\/div>\n\t\t","protected":false},"excerpt":{"rendered":"<p>Pourquoi investir en Zone Franche? Avantages douaniers Avantages commerciaux Avantages fiscaux Avantages douaniers Avantages douaniers Les entreprises de la ZFI sont exon\u00e9r\u00e9es de tous droits et taxes de douane actuels et futurs. Toutes les importations d\u2019une entreprise de la ZFI, y compris les biens d\u2019\u00e9quipement, le mobilier de bureau, le mat\u00e9riel de bureau, les mat\u00e9riaux<\/p>\n","protected":false},"author":1,"featured_media":0,"parent":0,"menu_order":0,"comment_status":"closed","ping_status":"closed","template":"","meta":{"_bbp_topic_count":0,"_bbp_reply_count":0,"_bbp_total_topic_count":0,"_bbp_total_reply_count":0,"_bbp_voice_count":0,"_bbp_anonymous_reply_count":0,"_bbp_topic_count_hidden":0,"_bbp_reply_count_hidden":0,"_bbp_forum_subforum_count":0},"_links":{"self":[{"href":"https:\/\/www.onzfi.org\/index.php\/wp-json\/wp\/v2\/pages\/17865"}],"collection":[{"href":"https:\/\/www.onzfi.org\/index.php\/wp-json\/wp\/v2\/pages"}],"about":[{"href":"https:\/\/www.onzfi.org\/index.php\/wp-json\/wp\/v2\/types\/page"}],"author":[{"embeddable":true,"href":"https:\/\/www.onzfi.org\/index.php\/wp-json\/wp\/v2\/users\/1"}],"replies":[{"embeddable":true,"href":"https:\/\/www.onzfi.org\/index.php\/wp-json\/wp\/v2\/comments?post=17865"}],"version-history":[{"count":4,"href":"https:\/\/www.onzfi.org\/index.php\/wp-json\/wp\/v2\/pages\/17865\/revisions"}],"predecessor-version":[{"id":17872,"href":"https:\/\/www.onzfi.org\/index.php\/wp-json\/wp\/v2\/pages\/17865\/revisions\/17872"}],"wp:attachment":[{"href":"https:\/\/www.onzfi.org\/index.php\/wp-json\/wp\/v2\/media?parent=17865"}],"curies":[{"name":"wp","href":"https:\/\/api.w.org\/{rel}","templated":true}]}}